{"id":2,"date":"2018-09-21T08:57:43","date_gmt":"2018-09-21T05:57:43","guid":{"rendered":"http:\/\/zrii.lu.lv\/?page_id=2"},"modified":"2019-09-16T11:08:12","modified_gmt":"2019-09-16T08:08:12","slug":"par-skolu","status":"publish","type":"page","link":"https:\/\/zrii.lu.lv\/?page_id=2","title":{"rendered":"Par skolu"},"content":{"rendered":"<p><a href=\"http:\/\/zrii.lu.lv\/wp-content\/uploads\/2018\/11\/dok_skola.png\"><img loading=\"lazy\" decoding=\"async\" class=\"aligncenter wp-image-267\" src=\"http:\/\/zrii.lu.lv\/wp-content\/uploads\/2018\/11\/dok_skola.png\" alt=\"\" width=\"1408\" height=\"352\" srcset=\"https:\/\/zrii.lu.lv\/wp-content\/uploads\/2018\/11\/dok_skola.png 1200w, https:\/\/zrii.lu.lv\/wp-content\/uploads\/2018\/11\/dok_skola-300x75.png 300w, https:\/\/zrii.lu.lv\/wp-content\/uploads\/2018\/11\/dok_skola-768x192.png 768w, https:\/\/zrii.lu.lv\/wp-content\/uploads\/2018\/11\/dok_skola-1024x256.png 1024w\" sizes=\"(max-width: 1408px) 100vw, 1408px\" \/><\/a><\/p>\n<p style=\"text-align: justify;\"><strong>Doktorant\u016bras skolas darb\u012bbas m\u0113r\u0137is<\/strong><em> ir sagatavot jaunos zin\u0101tniekus Latvijas resursu, to \u012bpa\u0161\u012bbu un izmanto\u0161anas risin\u0101jumu izp\u0113tei, sekm\u0113jot to racion\u0101lu un ilgtsp\u0113j\u012bgu izmanto\u0161anu un izmanto\u0161anas tehnolo\u0123iju att\u012bst\u012bbu.<\/em><\/p>\n<p style=\"text-align: justify;\">Skolas klaus\u012bt\u0101jiem pied\u0101v\u0101tas studijas, kuru m\u0113r\u0137is ir nodro\u0161in\u0101t p\u0113tniec\u012bbai un inovat\u012bvajai darb\u012bbai nepiecie\u0161amo iema\u0146u apg\u016b\u0161anu.\u00a0Apm\u0101c\u012bba tika organiz\u0113ta lekciju, semin\u0101ru un jaun\u0101k\u0101s aparat\u016bras vai p\u0113t\u012bjumu meto\u017eu demonstr\u0113jumu veid\u0101. Apm\u0101c\u012bbas gait\u0101 \u012bpa\u0161a v\u0113r\u012bba tika piev\u0113rsta lauku p\u0113t\u012bjumu meto\u017eu un paraugu iev\u0101k\u0161anas pieeju apg\u016b\u0161anai. Doktorant\u016bras programma nodro\u0161in\u0101ja sistem\u0101tiskus semin\u0101rus par resursu izp\u0113tes un izmanto\u0161anas metod\u0113m ar soci\u0101lo partneru \u2013 ra\u017eot\u0101ju piedal\u012b\u0161anos un doktorantu un ma\u0123istrantu uzst\u0101\u0161anos tajos.<\/p>\n<p><b>Galvenie p\u0113t\u012bjumu virzieni:<\/b><\/p>\n<ul>\n<li>Zemes dz\u012b\u013cu resursu apzin\u0101\u0161anas, izp\u0113tes un izmanto\u0161anas politikas m\u0113r\u0137tiec\u012bgi p\u0113t\u012bjumi resursu ilgtsp\u0113j\u012bgai izmanto\u0161anai. Dabas resursu veidu un pieejam\u012bbas klasifik\u0101cijas, izp\u0113tes, v\u0113rt\u012bbas noteik\u0161anas un ieguves kontroles meto\u017eu un ilgtsp\u0113j\u012bgas izmanto\u0161anas strat\u0113\u0123ijas izstr\u0101d\u0101\u0161ana un p\u0113t\u012bjumi. Augsnes \u012bpa\u0161\u012bbu un sast\u0101va veido\u0161an\u0101s biotiskie un abiotiskie faktori da\u017e\u0101da tipa cilmie\u017eos.<\/li>\n<li>Der\u012bgo izrakte\u0146u izvietojuma likumsakar\u012bbu un kvalit\u0101tes p\u0113t\u012bjumi, to \u012bpa\u0161\u012bbu, veido\u0161an\u0101s apst\u0101k\u013cu un izmanto\u0161anas iesp\u0113ju izp\u0113te. Jaunu dabisko izejvielu apzin\u0101\u0161ana un izp\u0113te. Netie\u0161o un nedestrukt\u012bvo \u0123eolo\u0123isko p\u0113t\u012bjumu meto\u017eu att\u012bst\u012bba zemes resursu p\u0113t\u012bjumos. B\u016bvniec\u012bbas der\u012bgo izrakte\u0146u (smilts-grants, laukakme\u0146u,\u00a0 kvart\u0101rm\u0101lu un k\u016bdras) veido\u0161an\u0101s dinamikas, izvietojuma likumsakar\u012bbu un kvalit\u0101tes p\u0113t\u012bjumi saist\u012bb\u0101 ar \u0161\u012b tipa resursu vides apst\u0101k\u013cu izmai\u0146\u0101m un izmanto\u0161anas iesp\u0113j\u0101m.<\/li>\n<\/ul>\n<ul>\n<li>K\u016bdras, t\u0101s \u012bpa\u0161\u012bbu un izmanto\u0161anas iesp\u0113ju izp\u0113te. K\u016bdras sast\u0101va un \u012bpa\u0161\u012bbu veido\u0161an\u0101s procesu izp\u0113te. K\u016bdras sorbentu izstr\u0101de, izmanto\u0161anai organisko un neorganisko vielu sorbcijai. K\u016bdras humusvielu \u012bpa\u0161\u012bbu un izmanto\u0161anas iesp\u0113ju izp\u0113te.<\/li>\n<\/ul>\n<ul>\n<li>M\u0101lu miner\u0101lu strukt\u016bru un keramikas materi\u0101lu \u012bpa\u0161\u012bbu p\u0113t\u012bjumi. Rentgenstrukt\u016branal\u012bzes un rentgenfluorescences meto\u017eu att\u012bst\u012bba strukt\u016bru un f\u0101\u017eu p\u0101reju dinamikas izp\u0113t\u0113. Jaunu inovat\u012bvu m\u0101la sorbentu un keramisko materi\u0101lu izstr\u0101de. Oks\u012bdu keramikas izp\u0113te.<\/li>\n<\/ul>\n<ul>\n<li>Pazemes \u016bde\u0146u sast\u0101va un t\u0101 veido\u0161anos ietekm\u0113jo\u0161o faktoru p\u0113t\u012bjumi. Dinamisko resursu daudzuma un kvalit\u0101tes p\u0113t\u012bjumu meto\u017eu att\u012bst\u012bba.<\/li>\n<\/ul>\n<ul>\n<li>Resursu izmanto\u0161anas rezult\u0101t\u0101 veidoju\u0161os atkritumu p\u0101rstr\u0101des risin\u0101jumi un tehnolo\u0123iju iesp\u0113ju izp\u0113te. No zemes resursu izmanto\u0161anas atkritumiem veidoto jaunu materi\u0101lu izstr\u0101de un to \u012bpa\u0161\u012bbu uzlabo\u0161anas iesp\u0113ju p\u0113t\u012bjumi. Kompostu veido\u0161an\u0101s un to izmanto\u0161anas iesp\u0113jas. Organisko vielu transform\u0101cijas procesi.<\/li>\n<\/ul>\n<p>Doktorant\u016bras skolas darb\u012bbas laik\u0101 ir izveidojusies sadarb\u012bba starp Latvijas Universit\u0101tes un R\u012bgas Tehnisk\u0101s universit\u0101tes vides zin\u0101tnes doktorantiem, un p\u0113c \u0161\u012bs sadarb\u012bbas iniciat\u012bvas tiek r\u012bkoti IMRaD (Introduction, Methods, Results &amp; Discussion) diskusiju cikla pas\u0101kumi par doktorantiem un jaunajiem zin\u0101tniekiem aktu\u0101l\u0101m t\u0113m\u0101m, iesaistot nozares ekspertus.<\/p>\n<p><b>Doktorant\u016bras skolas p\u0101rst\u0101v\u0113tas nozares: <\/b>vides zin\u0101tne, \u0123eogr\u0101fija, \u0123eolo\u0123ija, \u0137\u012bmija, biolo\u0123ija, ekotoksikolo\u0123ija, klimatolo\u0123ija, aprites ekonomika.<\/p>\n<p><b>Doktorant\u016bras skolas vad\u012bbas padome:<\/b><\/p>\n<ul>\n<li>M\u0101ris K\u013cavi\u0146\u0161, Dr.h.\u0137\u012bm. (\u0122eogr\u0101fijas un Zemes zin\u0101t\u0146u fakult\u0101te) \u2013 priek\u0161s\u0113d\u0113t\u0101js;<\/li>\n<li>Vit\u0101lijs Zel\u010ds, Dr.\u0123eol. (\u0122eogr\u0101fijas un Zemes zin\u0101t\u0146u fakult\u0101te) \u2013 priek\u0161s\u0113d\u0113t\u0101ja vietnieks;<\/li>\n<li>Inese S<a href=\"https:\/\/www.lu.lv\/par\/kontaktinformacija\/meklesana\/persona\/15690\/\">i<\/a>lami\u0137ele\u00a0(\u0122eogr\u0101fijas un Zemes zin\u0101t\u0146u fakult\u0101te) \u2013 sekret\u0101re;<\/li>\n<li>Ismena Revina, Dr.mat. (Ekonomikas un vad\u012bbas fakult\u0101te);<\/li>\n<li>Aija D\u0113li\u0146a, Dr.\u0123eol. (\u0122eogr\u0101fijas un Zemes zin\u0101t\u0146u fakult\u0101te);<\/li>\n<li><a href=\"https:\/\/www.lu.lv\/par\/kontaktinformacija\/meklesana\/persona\/32510\/\">Zaiga Kri\u0161j\u0101ne<\/a>, Dr.\u0123eogr. (\u0122eogr\u0101fijas un Zemes zin\u0101t\u0146u fakult\u0101te);<\/li>\n<li>J\u0101nis \u0160virksts, Dr.\u0137\u012bm. (\u0136\u012bmijas fakult\u0101te);<\/li>\n<li>J\u0101nis K\u013cavi\u0146\u0161, Dr.in\u017e. (akciju sabiedr\u012bba \u201eLode&#8221;, Br\u012bv\u012bbas iela 155, R\u012bga, LV 1012);<\/li>\n<li>Agris L\u0101cis (Latvijas K\u016bdras ra\u017eot\u0101ju asoci\u0101cija, Bauskas 20, R\u012bga, LV-1004);<\/li>\n<li>Reins Vaikmee (<i>Rein Vaikm\u00e4e<\/i>), PhD (Igaunijas \u0122eolo\u0123ijas instit\u016bts, Igaunija, Tallinas Tehnisk\u0101s universit\u0101te, Akadeemia tee 14, Tallinn);<\/li>\n<li>Larss Lundins (<i>Lars Lundin<\/i>), Dr. (Upsalas Universit\u0101te, Zviedrija, Institute of water and environment, Box 7050, 75007 Uppsala, Sweden)<\/li>\n<\/ul>\n<p>(apstiprin\u0101ta 27.11.2009. ar LU rektora r\u012bkojumu Nr.1\/309)<\/p>\n","protected":false},"excerpt":{"rendered":"<p>Doktorant\u016bras skolas darb\u012bbas m\u0113r\u0137is ir sagatavot jaunos zin\u0101tniekus Latvijas resursu, to \u012bpa\u0161\u012bbu un izmanto\u0161anas risin\u0101jumu izp\u0113tei, sekm\u0113jot to racion\u0101lu un ilgtsp\u0113j\u012bgu izmanto\u0161anu un izmanto\u0161anas tehnolo\u0123iju att\u012bst\u012bbu. Skolas klaus\u012bt\u0101jiem pied\u0101v\u0101tas studijas, kuru m\u0113r\u0137is ir nodro\u0161in\u0101t p\u0113tniec\u012bbai un inovat\u012bvajai darb\u012bbai nepiecie\u0161amo iema\u0146u apg\u016b\u0161anu.\u00a0Apm\u0101c\u012bba tika organiz\u0113ta lekciju, semin\u0101ru un jaun\u0101k\u0101s aparat\u016bras vai p\u0113t\u012bjumu meto\u017eu demonstr\u0113jumu veid\u0101. Apm\u0101c\u012bbas gait\u0101&hellip;<\/p>\n","protected":false},"author":1,"featured_media":0,"parent":0,"menu_order":0,"comment_status":"closed","ping_status":"closed","template":"","meta":{"footnotes":""},"_links":{"self":[{"href":"https:\/\/zrii.lu.lv\/index.php?rest_route=\/wp\/v2\/pages\/2"}],"collection":[{"href":"https:\/\/zrii.lu.lv\/index.php?rest_route=\/wp\/v2\/pages"}],"about":[{"href":"https:\/\/zrii.lu.lv\/index.php?rest_route=\/wp\/v2\/types\/page"}],"author":[{"embeddable":true,"href":"https:\/\/zrii.lu.lv\/index.php?rest_route=\/wp\/v2\/users\/1"}],"replies":[{"embeddable":true,"href":"https:\/\/zrii.lu.lv\/index.php?rest_route=%2Fwp%2Fv2%2Fcomments&post=2"}],"version-history":[{"count":12,"href":"https:\/\/zrii.lu.lv\/index.php?rest_route=\/wp\/v2\/pages\/2\/revisions"}],"predecessor-version":[{"id":273,"href":"https:\/\/zrii.lu.lv\/index.php?rest_route=\/wp\/v2\/pages\/2\/revisions\/273"}],"wp:attachment":[{"href":"https:\/\/zrii.lu.lv\/index.php?rest_route=%2Fwp%2Fv2%2Fmedia&parent=2"}],"curies":[{"name":"wp","href":"https:\/\/api.w.org\/{rel}","templated":true}]}}