{"id":258,"date":"2018-10-31T16:22:31","date_gmt":"2018-10-31T14:22:31","guid":{"rendered":"http:\/\/zrii.lu.lv\/?page_id=258"},"modified":"2018-10-31T16:42:18","modified_gmt":"2018-10-31T14:42:18","slug":"fotogalerija","status":"publish","type":"page","link":"https:\/\/zrii.lu.lv\/?page_id=258","title":{"rendered":"Fotogalerija"},"content":{"rendered":"<style id=\"bwg-style-0\">  #bwg_container1_0 {\t\/*visibility: hidden;*\/  }  #bwg_container1_0 * {\t  -moz-user-select: none;\t  -khtml-user-select: none;\t  -webkit-user-select: none;\t  -ms-user-select: none;\t  user-select: none;  }  #bwg_container1_0 #bwg_container2_0 .bwg_slideshow_image_wrap_0 {\t  background-color: #F2F2F2;\t  width: 800px;\t  height: 500px;  }  #bwg_container1_0 #bwg_container2_0 .bwg_slideshow_image_0 {\t  max-width: 800px;\t  max-height: 500px;  }  #bwg_container1_0 #bwg_container2_0 .bwg_slideshow_embed_0 {\twidth: 800px;\theight: 500px;  }  #bwg_container1_0 #bwg_container2_0 #bwg_slideshow_play_pause_0 {\tbackground: transparent url(\"https:\/\/zrii.lu.lv\/wp-content\/plugins\/photo-gallery\/images\/blank.gif\") repeat scroll 0 0;  }  #bwg_container1_0 #bwg_container2_0 #bwg_slideshow_play_pause-ico_0 {\tcolor: #D6D6D6;\tfont-size: 35px;  }  #bwg_container1_0 #bwg_container2_0 #bwg_slideshow_play_pause-ico_0:hover {\tcolor: #BABABA;  }  #bwg_container1_0 #bwg_container2_0 #spider_slideshow_left_0,  #bwg_container1_0 #bwg_container2_0 #spider_slideshow_right_0 {\tbackground: transparent url(\"https:\/\/zrii.lu.lv\/wp-content\/plugins\/photo-gallery\/images\/blank.gif\") repeat scroll 0 0;  }  #bwg_container1_0 #bwg_container2_0 #spider_slideshow_left-ico_0,  #bwg_container1_0 #bwg_container2_0 #spider_slideshow_right-ico_0 {\t  background-color: #FFFFFF;\t  border-radius: 20px;\t  border: 0px none #FFFFFF;\t  box-shadow: ;\t  color: #D6D6D6;\t  height: 37px;\t  font-size: 12px;\t  width: 37px;\t  opacity: 1.00;  }  #bwg_container1_0 #bwg_container2_0 #spider_slideshow_left-ico_0:hover,  #bwg_container1_0 #bwg_container2_0 #spider_slideshow_right-ico_0:hover {\t  color: #BABABA;  }      #spider_slideshow_left-ico_0{      left: -9999px;    }    #spider_slideshow_right-ico_0{      left: -9999px;    }      #bwg_container1_0 #bwg_container2_0 .bwg_slideshow_image_container_0 {\t  bottom: 0px;\t  width: 800px;\t  height: 500px;\t  }\t  #bwg_container1_0 #bwg_container2_0 .bwg_slideshow_filmstrip_container_0 {\t  display: table;\t  height: 0px;\t  width: 800px;\t  bottom: 0;  }  #bwg_container1_0 #bwg_container2_0 .bwg_slideshow_filmstrip_0 {\t  left: 20px;\t  width: 760px;\t  \/*z-index: 10106;*\/  }  #bwg_container1_0 #bwg_container2_0 .bwg_slideshow_filmstrip_thumbnails_0 {\t  height: 0px;\t  left: 0px;\t  width: 16px;  }  #bwg_container1_0 #bwg_container2_0 .bwg_slideshow_filmstrip_thumbnail_0 {\t  border: 0px none #000000;\t  border-radius: 0;\t  height: 0px;\t  margin: 0px 2px 0 0 ;\t  width: 0px;  }  #bwg_container1_0 #bwg_container2_0 .bwg_slideshow_thumb_active_0 {\t  border: 0px solid #FFFFFF;  }  #bwg_container1_0 #bwg_container2_0 .bwg_slideshow_thumb_deactive_0 {    opacity: 1.00;  }  #bwg_container1_0 #bwg_container2_0 .bwg_slideshow_filmstrip_left_0 {\t  background-color: #F2F2F2;\t  display: table-cell;\t  width: 20px;\t  left: 0;\t  \t    }  #bwg_container1_0 #bwg_container2_0 .bwg_slideshow_filmstrip_right_0 {\t  background-color: #F2F2F2;\t  right: 0;\t  width: 20px;\t  display: table-cell;\t  \t    }  #bwg_container1_0 #bwg_container2_0 .bwg_slideshow_filmstrip_left_0 i,  #bwg_container1_0 #bwg_container2_0 .bwg_slideshow_filmstrip_right_0 i {\t  color: #BABABA;\t  font-size: 20px;  }  #bwg_container1_0 #bwg_container2_0 .bwg_slideshow_watermark_spun_0 {\t  text-align: left;\t  vertical-align: bottom;  }  #bwg_container1_0 #bwg_container2_0 .bwg_slideshow_title_spun_0 {\t  text-align: left;\t  vertical-align: top;  }  #bwg_container1_0 #bwg_container2_0 .bwg_slideshow_description_spun_0 {\t  text-align: left;\t  vertical-align: bottom;  }  #bwg_container1_0 #bwg_container2_0 .bwg_slideshow_watermark_image_0 {\t  max-height: 90px;\t  max-width: 90px;\t  opacity: 0.30;  }  #bwg_container1_0 #bwg_container2_0 .bwg_slideshow_watermark_text_0,  #bwg_container1_0 #bwg_container2_0 .bwg_slideshow_watermark_text_0:hover {\t  text-decoration: none;\t  margin: 4px;\t  position: relative;\t  z-index: 15;  }  #bwg_container1_0 #bwg_container2_0 .bwg_slideshow_title_text_0 {\t  font-size: 16px;\t  font-family: Ubuntu;\t  color: #FFFFFF !important;\t  opacity: 0.70;    border-radius: 5px;\t  background-color: #000000;\t  padding: 0 0 0 0;\t  \t\tmargin: 5px;\t  \t    }  #bwg_container1_0 #bwg_container2_0 .bwg_slideshow_description_text_0 {\t  font-size: 14px;\t  font-family: Ubuntu;\t  color: #FFFFFF !important;\t  opacity: 0.70;    border-radius: 0;\t  background-color: #000000;\t  padding: 5px 10px 5px 10px;\t  bottom:16px;  }  #bwg_container1_0 #bwg_container2_0 .bwg_slideshow_description_text_0 * {\ttext-decoration: none;\tcolor: #FFFFFF !important;  }  #bwg_container1_0 #bwg_container2_0 .bwg_slideshow_dots_0 {\t  width: 12px;\t  height: 12px;\t  border-radius: 5px;\t  background: #F2D22E;\t  margin: 3px;  }  #bwg_container1_0 #bwg_container2_0 .bwg_slideshow_dots_container_0 {\t  width: 800px;\t  bottom: 0;  }  #bwg_container1_0 #bwg_container2_0 .bwg_slideshow_dots_thumbnails_0 {\t  height: 18px;\t  width: 144px;  }  #bwg_container1_0 #bwg_container2_0 .bwg_slideshow_dots_active_0 {\t  background: #FFFFFF;\t  border: 1px solid #000000;  }  <\/style>    <div id=\"bwg_container1_0\"         class=\"bwg_container bwg_thumbnail bwg_slideshow\"         data-right-click-protection=\"0\"         data-bwg=\"0\"         data-current-url=\"https:\/\/zrii.lu.lv\/index.php?rest_route=\/wp\/v2\/pages\/258\"         data-lightbox-url=\"https:\/\/zrii.lu.lv\/wp-admin\/admin-ajax.php?action=GalleryBox&current_view=0&gallery_id=0&tag=0&theme_id=1&shortcode_id=3&sort_by=order&order_by=asc&current_url=https%3A%2F%2Fzrii.lu.lv%2Findex.php%3Frest_route%3D%2Fwp%2Fv2%2Fpages%2F258\"         data-gallery-id=\"0\"         data-popup-width=\"800\"         data-popup-height=\"500\"         data-buttons-position=\"bottom\">      <div id=\"bwg_container2_0\">             <div id=\"ajax_loading_0\" class=\"bwg_loading_div_1\">      <div class=\"bwg_loading_div_2\">        <div class=\"bwg_loading_div_3\">          <div id=\"loading_div_0\" class=\"bwg_spider_ajax_loading\">          <\/div>        <\/div>      <\/div>    <\/div>            <form id=\"gal_front_form_0\"              class=\"bwg-hidden\"              method=\"post\"              action=\"#\"              data-current=\"0\"              data-shortcode-id=\"3\"              data-gallery-type=\"slideshow\"              data-gallery-id=\"0\"              data-tag=\"0\"              data-album-id=\"0\"              data-theme-id=\"1\"              data-ajax-url=\"https:\/\/zrii.lu.lv\/wp-admin\/admin-ajax.php?action=bwg_frontend_data\">          <div id=\"bwg_container3_0\" class=\"bwg-background bwg-background-0\">              <div class=\"bwg_slideshow_image_wrap_0\">          <div class=\"bwg_slideshow_dots_container_0\">        <div class=\"bwg_slideshow_dots_thumbnails_0\">                      <span id=\"bwg_dots_0_0\" class=\"bwg_slideshow_dots_0 bwg_slideshow_dots_active_0\" onclick=\"bwg_change_image(parseInt(jQuery('#bwg_current_image_key_0').val()), '0', '', '', 0)\" image_id=\"8\" image_key=\"0\"><\/span>                        <span id=\"bwg_dots_1_0\" class=\"bwg_slideshow_dots_0 bwg_slideshow_dots_deactive_0\" onclick=\"bwg_change_image(parseInt(jQuery('#bwg_current_image_key_0').val()), '1', '', '', 0)\" image_id=\"7\" image_key=\"1\"><\/span>                        <span id=\"bwg_dots_2_0\" class=\"bwg_slideshow_dots_0 bwg_slideshow_dots_deactive_0\" onclick=\"bwg_change_image(parseInt(jQuery('#bwg_current_image_key_0').val()), '2', '', '', 0)\" image_id=\"4\" image_key=\"2\"><\/span>                        <span id=\"bwg_dots_3_0\" class=\"bwg_slideshow_dots_0 bwg_slideshow_dots_deactive_0\" onclick=\"bwg_change_image(parseInt(jQuery('#bwg_current_image_key_0').val()), '3', '', '', 0)\" image_id=\"6\" image_key=\"3\"><\/span>                        <span id=\"bwg_dots_4_0\" class=\"bwg_slideshow_dots_0 bwg_slideshow_dots_deactive_0\" onclick=\"bwg_change_image(parseInt(jQuery('#bwg_current_image_key_0').val()), '4', '', '', 0)\" image_id=\"3\" image_key=\"4\"><\/span>                        <span id=\"bwg_dots_5_0\" class=\"bwg_slideshow_dots_0 bwg_slideshow_dots_deactive_0\" onclick=\"bwg_change_image(parseInt(jQuery('#bwg_current_image_key_0').val()), '5', '', '', 0)\" image_id=\"5\" image_key=\"5\"><\/span>                        <span id=\"bwg_dots_6_0\" class=\"bwg_slideshow_dots_0 bwg_slideshow_dots_deactive_0\" onclick=\"bwg_change_image(parseInt(jQuery('#bwg_current_image_key_0').val()), '6', '', '', 0)\" image_id=\"2\" image_key=\"6\"><\/span>                        <span id=\"bwg_dots_7_0\" class=\"bwg_slideshow_dots_0 bwg_slideshow_dots_deactive_0\" onclick=\"bwg_change_image(parseInt(jQuery('#bwg_current_image_key_0').val()), '7', '', '', 0)\" image_id=\"1\" image_key=\"7\"><\/span>                    <\/div>      <\/div>          <div id=\"bwg_slideshow_image_container_0\" class=\"bwg_slideshow_image_container_0\" data-params='{\"bwg_source\":\"slider\",\"bwg_current_key\":\"\",\"bwg_transition_duration\":200,\"bwg_trans_in_progress\":false,\"data\":[{\"id\":\"8\",\"alt\":\"Latvijas Universit\\u0101tes profesors M\\u0101ris K\\u013cavi\\u0146\\u0161 piedal\\u0101s Eiropas ilgtsp\\u0113j\\u012bgas att\\u012bst\\u012bbas studiju un p\\u0113tniec\\u012bbas skolas (European School of Sustainability Science and Research) dibin\\u0101\\u0161anas san\\u0101ksm\\u0113\",\"description\":\"Latvijas Universit\\u0101tes profesors M\\u0101ris K\\u013cavi\\u0146\\u0161 piedal\\u0101s Eiropas ilgtsp\\u0113j\\u012bgas att\\u012bst\\u012bbas studiju un p\\u0113tniec\\u012bbas skolas (European School of Sustainability Science and Research) dibin\\u0101\\u0161anas san\\u0101ksm\\u0113\",\"filetype\":\"JPG\",\"filename\":\"ESSSR 19\",\"image_url\":\"\\\/ESSSR_19.jpg?bwg=1547883057\",\"thumb_url\":\"\\\/thumb\\\/ESSSR_19.jpg?bwg=1547883057\",\"redirect_url\":\"\",\"date\":\"2019-01-19 07:30:14\",\"is_embed\":false,\"is_embed_video\":false},{\"id\":\"7\",\"alt\":\"Dr Jura Burlakova vieslekcija &amp;quot;Kritiskie resursi un izg\\u0101ztuves aprites ekonomikai&amp;quot;\",\"description\":\"Dr Jura Burlakova vieslekcija &amp;quot;Kritiskie resursi un izg\\u0101ztuves aprites ekonomikai&amp;quot;\",\"filetype\":\"JPG\",\"filename\":\"Dr Juris Burlakovs2\",\"image_url\":\"\\\/Dr_Juris_Burlakovs2.jpg?bwg=1541155032\",\"thumb_url\":\"\\\/thumb\\\/Dr_Juris_Burlakovs2.jpg?bwg=1541155032\",\"redirect_url\":\"\",\"date\":\"2018-11-02 10:36:00\",\"is_embed\":false,\"is_embed_video\":false},{\"id\":\"4\",\"alt\":\"Dr Jura Burlakova vieslekcija &amp;quot;Kritiskie resursi un izg\\u0101ztuves aprites ekonomikai&amp;quot;\",\"description\":\"Dr Jura Burlakova vieslekcija &amp;quot;Kritiskie resursi un izg\\u0101ztuves aprites ekonomikai&amp;quot;\",\"filetype\":\"JPG\",\"filename\":\"Dr Juris Burlakovs1\",\"image_url\":\"\\\/Dr_Juris_Burlakovs1.jpg?bwg=1541154972\",\"thumb_url\":\"\\\/thumb\\\/Dr_Juris_Burlakovs1.jpg?bwg=1541154972\",\"redirect_url\":\"\",\"date\":\"2018-11-02 10:34:00\",\"is_embed\":false,\"is_embed_video\":false},{\"id\":\"6\",\"alt\":\"Dr. Jaija J\\u0101\\u0101ni vieslekcija \\u201cIzg\\u0101ztuves vai n\\u0101kotnes resursu \\u201cbankas konts\\u201d?\\u201d\",\"description\":\"Dr. Jaija J\\u0101\\u0101ni vieslekcija \\u201cIzg\\u0101ztuves vai n\\u0101kotnes resursu \\u201cbankas konts\\u201d?\\u201d&amp;lt;br \\\/&amp;gt;\",\"filetype\":\"JPG\",\"filename\":\"Dr Jaija Jaani3\",\"image_url\":\"\\\/Dr_Jaija_Jaani3.jpg?bwg=1541155032\",\"thumb_url\":\"\\\/thumb\\\/Dr_Jaija_Jaani3.jpg?bwg=1541155032\",\"redirect_url\":\"\",\"date\":\"2018-11-02 10:36:00\",\"is_embed\":false,\"is_embed_video\":false},{\"id\":\"3\",\"alt\":\"Dr. Jaija J\\u0101\\u0101ni vieslekcija \\u201cIzg\\u0101ztuves vai n\\u0101kotnes resursu \\u201cbankas konts\\u201d?\\u201d\",\"description\":\"Dr. Jaija J\\u0101\\u0101ni vieslekcija \\u201cIzg\\u0101ztuves vai n\\u0101kotnes resursu \\u201cbankas konts\\u201d?\\u201d\",\"filetype\":\"JPG\",\"filename\":\"Dr_Jaija_Jaani1\",\"image_url\":\"\\\/Dr_Jaija_Jaani1.jpg?bwg=1541154798\",\"thumb_url\":\"\\\/thumb\\\/Dr_Jaija_Jaani1.jpg?bwg=1541154798\",\"redirect_url\":\"\",\"date\":\"2018-11-02 10:32:00\",\"is_embed\":false,\"is_embed_video\":false},{\"id\":\"5\",\"alt\":\"Dr. Jaija J\\u0101\\u0101ni vieslekcija \\u201cIzg\\u0101ztuves vai n\\u0101kotnes resursu \\u201cbankas konts\\u201d?\\u201d\",\"description\":\"Dr. Jaija J\\u0101\\u0101ni vieslekcija \\u201cIzg\\u0101ztuves vai n\\u0101kotnes resursu \\u201cbankas konts\\u201d?\\u201d&amp;lt;br \\\/&amp;gt;\",\"filetype\":\"JPG\",\"filename\":\"Dr Jaija Jaani2\",\"image_url\":\"\\\/Dr_Jaija_Jaani2.jpg?bwg=1541154972\",\"thumb_url\":\"\\\/thumb\\\/Dr_Jaija_Jaani2.jpg?bwg=1541154972\",\"redirect_url\":\"\",\"date\":\"2018-11-02 10:34:00\",\"is_embed\":false,\"is_embed_video\":false},{\"id\":\"2\",\"alt\":\"Lektors Dennis Cuku lasa lekciju &amp;quot;N\\u0101kotnes Saules ener\\u0123ijas izmanto\\u0161ana: nulles emisijas \\u0113kas un ilgtsp\\u0113j\\u012bga att\\u012bst\\u012bba&amp;quot;\",\"description\":\"Lektors Dennis Cuku lasa lekciju &amp;quot;N\\u0101kotnes Saules ener\\u0123ijas izmanto\\u0161ana: nulles emisijas \\u0113kas un ilgtsp\\u0113j\\u012bga att\\u012bst\\u012bba&amp;quot;\",\"filetype\":\"jpg\",\"filename\":\"Dennisa Cuku lekcija LU DAC\",\"image_url\":\"\\\/Dennisa_Cuku_lekcija_LU_DAC.jpg?bwg=1540995539\",\"thumb_url\":\"\\\/thumb\\\/Dennisa_Cuku_lekcija_LU_DAC.jpg?bwg=1540995539\",\"redirect_url\":\"\",\"date\":\"2018-10-31 14:18:00\",\"is_embed\":false,\"is_embed_video\":false},{\"id\":\"1\",\"alt\":\"Lektors Dennis Cuku lasa lekciju &amp;quot;N\\u0101kotnes Saules ener\\u0123ijas izmanto\\u0161ana: nulles emisijas \\u0113kas un ilgtsp\\u0113j\\u012bga att\\u012bst\\u012bba&amp;quot;\",\"description\":\"Lektors Dennis Cuku lasa lekciju &amp;quot;N\\u0101kotnes Saules ener\\u0123ijas izmanto\\u0161ana: nulles emisijas \\u0113kas un ilgtsp\\u0113j\\u012bga att\\u012bst\\u012bba&amp;quot;\",\"filetype\":\"jpg\",\"filename\":\"lektors Dennis Cuku\",\"image_url\":\"\\\/lektors_Dennis_Cuku.jpg?bwg=1540995539\",\"thumb_url\":\"\\\/thumb\\\/lektors_Dennis_Cuku.jpg?bwg=1540995539\",\"redirect_url\":\"\",\"date\":\"2018-10-31 14:18:00\",\"is_embed\":false,\"is_embed_video\":false}],\"width_or_height\":\"width\",\"filmstrip_thumb_margin_hor\":2,\"left_or_top\":\"left\",\"outerWidth_or_outerHeight\":\"outerWidth\",\"enable_slideshow_shuffle\":\"0\",\"lightbox_filmstrip_thumb_border_width\":\"1\",\"thumb_click_action\":\"open_lightbox\",\"thumb_link_target\":\"1\",\"upload_url\":\"https:\\\/\\\/zrii.lu.lv\\\/wp-content\\\/uploads\\\/photo-gallery\",\"preload_images\":\"1\",\"slideshow_effect\":\"fade\",\"enable_slideshow_filmstrip\":0,\"event_stack\":\"\",\"preload_images_count\":10,\"image_width\":\"800\",\"image_height\":\"500\",\"filmstrip_direction\":\"horizontal\",\"slideshow_filmstrip_width\":0,\"slideshow_filmstrip_height\":0,\"slideshow_play_pause_btn_size\":\"35\",\"watermark_type\":\"90\",\"watermark_height\":\"90\",\"watermark_font_size\":\"20\",\"slideshow_title_font_size\":\"16\",\"slideshow_description_font_size\":\"14\",\"bwg_playInterval\":\"\",\"slideshow_interval\":\"5\",\"image_right_click\":\"0\",\"enable_slideshow_autoplay\":\"0\",\"enable_slideshow_music\":\"0\",\"bwg_current_filmstrip_pos\":0}'>      <div class=\"bwg_slide_container_0\">        <div class=\"bwg_slide_bg_0\">          <div class=\"bwg_slider_0\">                            <span class=\"bwg_slideshow_image_spun_0\" id=\"image_id_0_8\">                    <span class=\"bwg_slideshow_image_spun1_0\">                      <span class=\"bwg_slideshow_image_spun2_0\">                                                  <a  class=\"bwg-a bwg_lightbox\" href=\"https:\/\/zrii.lu.lv\/wp-content\/uploads\/photo-gallery\/ESSSR_19.jpg?bwg=1547883057\" data-image-id=\"8\">                          <img decoding=\"async\" id=\"bwg_slideshow_image_0\"                               class=\"skip-lazy bwg_slide bwg_slideshow_image_0 \"                               src=\"https:\/\/zrii.lu.lv\/wp-content\/uploads\/photo-gallery\/ESSSR_19.jpg?bwg=1547883057\"                               data-original=\"https:\/\/zrii.lu.lv\/wp-content\/uploads\/photo-gallery\/ESSSR_19.jpg?bwg=1547883057\"                               image_id=\"8\"                               alt=\"Latvijas Universit\u0101tes profesors M\u0101ris K\u013cavi\u0146\u0161 piedal\u0101s Eiropas ilgtsp\u0113j\u012bgas att\u012bst\u012bbas studiju un p\u0113tniec\u012bbas skolas (European School of Sustainability Science and Research) dibin\u0101\u0161anas san\u0101ksm\u0113\" \/>                          <\/a>                                                <\/span>                    <\/span>                  <\/span>                <span class=\"bwg_slideshow_image_second_spun_0\">                  <\/span>                <input type=\"hidden\" id=\"bwg_current_image_key_0\" value=\"0\" \/>                          <\/div>        <\/div>      <\/div>              <a class=\"bwg-a\" id=\"spider_slideshow_left_0\" onclick=\"bwg_change_image(parseInt(jQuery('#bwg_current_image_key_0').val()), (parseInt(jQuery('#bwg_current_image_key_0').val()) + 8 - bwg_iterator(0)) % 8, '', '', 0); return false;\"><span id=\"spider_slideshow_left-ico_0\"><span><i class=\"bwg-icon-chevron-left bwg_slideshow_prev_btn_0\"><\/i><\/span><\/span><\/a>        <span id=\"bwg_slideshow_play_pause_0\" class=\"bwg_slideshow_play_pause\" style=\"display: undefined;\"><span><span id=\"bwg_slideshow_play_pause-ico_0\"><i class=\"bwg-icon-play bwg_ctrl_btn_0 bwg_slideshow_play_pause_0\"><\/i><\/span><\/span><\/span>        <a class=\"bwg-a\" id=\"spider_slideshow_right_0\" onclick=\"bwg_change_image(parseInt(jQuery('#bwg_current_image_key_0').val()), (parseInt(jQuery('#bwg_current_image_key_0').val()) + bwg_iterator(0)) % 8, '', '', 0); return false;\"><span id=\"spider_slideshow_right-ico_0\"><span><i class=\"bwg-icon-chevron-right bwg_slideshow_next_btn_0\"><\/i><\/span><\/span><\/a>            <\/div>          <div class=\"bwg_slideshow_image_container_0 bwg_slideshow_image_container\" data-params=\"{\"bwg_source\":\"slider\",\"bwg_current_key\":\"\",\"bwg_transition_duration\":200,\"bwg_trans_in_progress\":false,\"data\":[{\"id\":\"8\",\"alt\":\"Latvijas Universit\\u0101tes profesors M\\u0101ris K\\u013cavi\\u0146\\u0161 piedal\\u0101s Eiropas ilgtsp\\u0113j\\u012bgas att\\u012bst\\u012bbas studiju un p\\u0113tniec\\u012bbas skolas (European School of Sustainability Science and Research) dibin\\u0101\\u0161anas san\\u0101ksm\\u0113\",\"description\":\"Latvijas Universit\\u0101tes profesors M\\u0101ris K\\u013cavi\\u0146\\u0161 piedal\\u0101s Eiropas ilgtsp\\u0113j\\u012bgas att\\u012bst\\u012bbas studiju un p\\u0113tniec\\u012bbas skolas (European School of Sustainability Science and Research) dibin\\u0101\\u0161anas san\\u0101ksm\\u0113\",\"filetype\":\"JPG\",\"filename\":\"ESSSR 19\",\"image_url\":\"\\\/ESSSR_19.jpg?bwg=1547883057\",\"thumb_url\":\"\\\/thumb\\\/ESSSR_19.jpg?bwg=1547883057\",\"redirect_url\":\"\",\"date\":\"2019-01-19 07:30:14\",\"is_embed\":false,\"is_embed_video\":false},{\"id\":\"7\",\"alt\":\"Dr Jura Burlakova vieslekcija &amp;quot;Kritiskie resursi un izg\\u0101ztuves aprites ekonomikai&amp;quot;\",\"description\":\"Dr Jura Burlakova vieslekcija &amp;quot;Kritiskie resursi un izg\\u0101ztuves aprites ekonomikai&amp;quot;\",\"filetype\":\"JPG\",\"filename\":\"Dr Juris Burlakovs2\",\"image_url\":\"\\\/Dr_Juris_Burlakovs2.jpg?bwg=1541155032\",\"thumb_url\":\"\\\/thumb\\\/Dr_Juris_Burlakovs2.jpg?bwg=1541155032\",\"redirect_url\":\"\",\"date\":\"2018-11-02 10:36:00\",\"is_embed\":false,\"is_embed_video\":false},{\"id\":\"4\",\"alt\":\"Dr Jura Burlakova vieslekcija &amp;quot;Kritiskie resursi un izg\\u0101ztuves aprites ekonomikai&amp;quot;\",\"description\":\"Dr Jura Burlakova vieslekcija &amp;quot;Kritiskie resursi un izg\\u0101ztuves aprites ekonomikai&amp;quot;\",\"filetype\":\"JPG\",\"filename\":\"Dr Juris Burlakovs1\",\"image_url\":\"\\\/Dr_Juris_Burlakovs1.jpg?bwg=1541154972\",\"thumb_url\":\"\\\/thumb\\\/Dr_Juris_Burlakovs1.jpg?bwg=1541154972\",\"redirect_url\":\"\",\"date\":\"2018-11-02 10:34:00\",\"is_embed\":false,\"is_embed_video\":false},{\"id\":\"6\",\"alt\":\"Dr. Jaija J\\u0101\\u0101ni vieslekcija \\u201cIzg\\u0101ztuves vai n\\u0101kotnes resursu \\u201cbankas konts\\u201d?\\u201d\",\"description\":\"Dr. Jaija J\\u0101\\u0101ni vieslekcija \\u201cIzg\\u0101ztuves vai n\\u0101kotnes resursu \\u201cbankas konts\\u201d?\\u201d&amp;lt;br \\\/&amp;gt;\",\"filetype\":\"JPG\",\"filename\":\"Dr Jaija Jaani3\",\"image_url\":\"\\\/Dr_Jaija_Jaani3.jpg?bwg=1541155032\",\"thumb_url\":\"\\\/thumb\\\/Dr_Jaija_Jaani3.jpg?bwg=1541155032\",\"redirect_url\":\"\",\"date\":\"2018-11-02 10:36:00\",\"is_embed\":false,\"is_embed_video\":false},{\"id\":\"3\",\"alt\":\"Dr. Jaija J\\u0101\\u0101ni vieslekcija \\u201cIzg\\u0101ztuves vai n\\u0101kotnes resursu \\u201cbankas konts\\u201d?\\u201d\",\"description\":\"Dr. Jaija J\\u0101\\u0101ni vieslekcija \\u201cIzg\\u0101ztuves vai n\\u0101kotnes resursu \\u201cbankas konts\\u201d?\\u201d\",\"filetype\":\"JPG\",\"filename\":\"Dr_Jaija_Jaani1\",\"image_url\":\"\\\/Dr_Jaija_Jaani1.jpg?bwg=1541154798\",\"thumb_url\":\"\\\/thumb\\\/Dr_Jaija_Jaani1.jpg?bwg=1541154798\",\"redirect_url\":\"\",\"date\":\"2018-11-02 10:32:00\",\"is_embed\":false,\"is_embed_video\":false},{\"id\":\"5\",\"alt\":\"Dr. Jaija J\\u0101\\u0101ni vieslekcija \\u201cIzg\\u0101ztuves vai n\\u0101kotnes resursu \\u201cbankas konts\\u201d?\\u201d\",\"description\":\"Dr. Jaija J\\u0101\\u0101ni vieslekcija \\u201cIzg\\u0101ztuves vai n\\u0101kotnes resursu \\u201cbankas konts\\u201d?\\u201d&amp;lt;br \\\/&amp;gt;\",\"filetype\":\"JPG\",\"filename\":\"Dr Jaija Jaani2\",\"image_url\":\"\\\/Dr_Jaija_Jaani2.jpg?bwg=1541154972\",\"thumb_url\":\"\\\/thumb\\\/Dr_Jaija_Jaani2.jpg?bwg=1541154972\",\"redirect_url\":\"\",\"date\":\"2018-11-02 10:34:00\",\"is_embed\":false,\"is_embed_video\":false},{\"id\":\"2\",\"alt\":\"Lektors Dennis Cuku lasa lekciju &amp;quot;N\\u0101kotnes Saules ener\\u0123ijas izmanto\\u0161ana: nulles emisijas \\u0113kas un ilgtsp\\u0113j\\u012bga att\\u012bst\\u012bba&amp;quot;\",\"description\":\"Lektors Dennis Cuku lasa lekciju &amp;quot;N\\u0101kotnes Saules ener\\u0123ijas izmanto\\u0161ana: nulles emisijas \\u0113kas un ilgtsp\\u0113j\\u012bga att\\u012bst\\u012bba&amp;quot;\",\"filetype\":\"jpg\",\"filename\":\"Dennisa Cuku lekcija LU DAC\",\"image_url\":\"\\\/Dennisa_Cuku_lekcija_LU_DAC.jpg?bwg=1540995539\",\"thumb_url\":\"\\\/thumb\\\/Dennisa_Cuku_lekcija_LU_DAC.jpg?bwg=1540995539\",\"redirect_url\":\"\",\"date\":\"2018-10-31 14:18:00\",\"is_embed\":false,\"is_embed_video\":false},{\"id\":\"1\",\"alt\":\"Lektors Dennis Cuku lasa lekciju &amp;quot;N\\u0101kotnes Saules ener\\u0123ijas izmanto\\u0161ana: nulles emisijas \\u0113kas un ilgtsp\\u0113j\\u012bga att\\u012bst\\u012bba&amp;quot;\",\"description\":\"Lektors Dennis Cuku lasa lekciju &amp;quot;N\\u0101kotnes Saules ener\\u0123ijas izmanto\\u0161ana: nulles emisijas \\u0113kas un ilgtsp\\u0113j\\u012bga att\\u012bst\\u012bba&amp;quot;\",\"filetype\":\"jpg\",\"filename\":\"lektors Dennis Cuku\",\"image_url\":\"\\\/lektors_Dennis_Cuku.jpg?bwg=1540995539\",\"thumb_url\":\"\\\/thumb\\\/lektors_Dennis_Cuku.jpg?bwg=1540995539\",\"redirect_url\":\"\",\"date\":\"2018-10-31 14:18:00\",\"is_embed\":false,\"is_embed_video\":false}],\"width_or_height\":\"width\",\"filmstrip_thumb_margin_hor\":2,\"left_or_top\":\"left\",\"outerWidth_or_outerHeight\":\"outerWidth\",\"enable_slideshow_shuffle\":\"0\",\"lightbox_filmstrip_thumb_border_width\":\"1\",\"thumb_click_action\":\"open_lightbox\",\"thumb_link_target\":\"1\",\"upload_url\":\"https:\\\/\\\/zrii.lu.lv\\\/wp-content\\\/uploads\\\/photo-gallery\",\"preload_images\":\"1\",\"slideshow_effect\":\"fade\",\"enable_slideshow_filmstrip\":0,\"event_stack\":\"\",\"preload_images_count\":10,\"image_width\":\"800\",\"image_height\":\"500\",\"filmstrip_direction\":\"horizontal\",\"slideshow_filmstrip_width\":0,\"slideshow_filmstrip_height\":0,\"slideshow_play_pause_btn_size\":\"35\",\"watermark_type\":\"90\",\"watermark_height\":\"90\",\"watermark_font_size\":\"20\",\"slideshow_title_font_size\":\"16\",\"slideshow_description_font_size\":\"14\",\"bwg_playInterval\":\"\",\"slideshow_interval\":\"5\",\"image_right_click\":\"0\",\"enable_slideshow_autoplay\":\"0\",\"enable_slideshow_music\":\"0\",\"bwg_current_filmstrip_pos\":0}\">        <div class=\"bwg_slideshow_watermark_container_0\">          <div>              <span class=\"bwg_slideshow_description_spun_0\">                <div class=\"bwg_slideshow_description_text_0 \">                  Latvijas Universit\u0101tes profesors M\u0101ris K\u013cavi\u0146\u0161 piedal\u0101s Eiropas ilgtsp\u0113j\u012bgas att\u012bst\u012bbas studiju un p\u0113tniec\u012bbas skolas (European School of Sustainability Science and Research) dibin\u0101\u0161anas san\u0101ksm\u0113                <\/div>              <\/span>          <\/div>        <\/div>      <\/div>        <\/div>            <\/div>        <\/form>          <style>          #bwg_container1_0 #bwg_container2_0 #spider_popup_overlay_0 {          background-color: #EEEEEE;          opacity: 0.60;          }          <\/style>        <div id=\"bwg_spider_popup_loading_0\" class=\"bwg_spider_popup_loading\"><\/div>        <div id=\"spider_popup_overlay_0\" class=\"spider_popup_overlay\" onclick=\"spider_destroypopup(1000)\"><\/div>        <input type=\"hidden\" id=\"bwg_random_seed_0\" value=\"1184505738\">                <\/div>    <\/div>    <script>      jQuery(document).ready(function () {        bwg_main_ready();      });    <\/script>    \n","protected":false},"excerpt":{"rendered":"","protected":false},"author":2,"featured_media":0,"parent":0,"menu_order":0,"comment_status":"closed","ping_status":"closed","template":"","meta":{"footnotes":""},"_links":{"self":[{"href":"https:\/\/zrii.lu.lv\/index.php?rest_route=\/wp\/v2\/pages\/258"}],"collection":[{"href":"https:\/\/zrii.lu.lv\/index.php?rest_route=\/wp\/v2\/pages"}],"about":[{"href":"https:\/\/zrii.lu.lv\/index.php?rest_route=\/wp\/v2\/types\/page"}],"author":[{"embeddable":true,"href":"https:\/\/zrii.lu.lv\/index.php?rest_route=\/wp\/v2\/users\/2"}],"replies":[{"embeddable":true,"href":"https:\/\/zrii.lu.lv\/index.php?rest_route=%2Fwp%2Fv2%2Fcomments&post=258"}],"version-history":[{"count":5,"href":"https:\/\/zrii.lu.lv\/index.php?rest_route=\/wp\/v2\/pages\/258\/revisions"}],"predecessor-version":[{"id":265,"href":"https:\/\/zrii.lu.lv\/index.php?rest_route=\/wp\/v2\/pages\/258\/revisions\/265"}],"wp:attachment":[{"href":"https:\/\/zrii.lu.lv\/index.php?rest_route=%2Fwp%2Fv2%2Fmedia&parent=258"}],"curies":[{"name":"wp","href":"https:\/\/api.w.org\/{rel}","templated":true}]}}